{"id":233362,"date":"2021-04-25T11:07:23","date_gmt":"2021-04-25T10:07:23","guid":{"rendered":"https:\/\/cartelesmix.es\/cartelesdecine\/?page_id=233362"},"modified":"2021-04-25T11:07:23","modified_gmt":"2021-04-25T10:07:23","slug":"premios-oscar-1927-1928-primera-edicion","status":"publish","type":"page","link":"https:\/\/cartelesmix.es\/cartelesdecine\/?page_id=233362","title":{"rendered":"Premios Oscar 1927-1928 \u2013 Primera Edici\u00f3n"},"content":{"rendered":"<p class=\"western\" align=\"center\"><strong>Premios Oscar 1928-1929<\/strong><\/p>\n<p class=\"western\" align=\"center\"><strong>Primera Edici\u00f3n<\/strong><\/p>\n<p class=\"western\">16\/05\/1929 &#8211; Esta primera ceremonia se celebr\u00f3 durante un almuerzo privado en el hotel Hollywood Roosevelt, con una audiencia de cerca de 270 personas. La fiesta llevada a cabo despu\u00e9s de la ceremonia tuvo lugar en el Hotel Mayfair. El costo de las entradas para los invitados a la ceremonia fue de cinco d\u00f3lares. Se entregaron quince estatuillas, y se premiaron artistas, directores y otras personalidades de la industria del cine por sus trabajos, estrenados entre 1927 y 1928. <u><\/u><\/p>\n<p class=\"western\"><strong>MEJOR PEL\u00cdCULA<\/strong><\/p>\n<ul>\n<li>\n<p class=\"western\"><span style=\"color: #000080;\"><span lang=\"zxx\"><span style=\"color: #000000;\"><span style=\"font-size: medium;\"><a href=\"https:\/\/cartelesmix.es\/cartelesdecine\/?p=763\" target=\"_blank\" rel=\"noopener\">Alas (Wings) <\/a> \u2014 Lucien Hubbard por Paramount Famous Lasky Co.\u00a0<\/span><\/span><\/span><\/span>. <span lang=\"zxx\"><u><a href=\"https:\/\/cartelesmix.es\/cartelesdecine\/?p=152589\" target=\"_blank\" rel=\"noopener\"><strong><img decoding=\"async\" src=\"http:\/\/cartelesmix.es\/images\/CartelesA\/oscar.gif\" \/><\/strong><\/a><\/u><\/span><\/p>\n<\/li>\n<li>\n<p class=\"western\"><span style=\"color: #000080;\"><span lang=\"zxx\"><span style=\"color: #000000;\"><span style=\"font-size: medium;\"><a href=\"https:\/\/cartelesmix.es\/cartelesdecine\/?p=13561\" target=\"_blank\" rel=\"noopener\">La horda (The Racket)<\/a> \u2014 Hoard Hughes por The Caddo Company<\/span><\/span><\/span><\/span><\/p>\n<\/li>\n<li>\n<p class=\"western\"><span style=\"color: #000080;\"><span lang=\"zxx\"><a href=\"https:\/\/cartelesmix.es\/cartelesdecine\/?p=8032\" target=\"_blank\" rel=\"noopener\"><span style=\"color: #000000;\"><span style=\"font-size: medium;\">El S\u00e9ptimo cielo (7th Heaven) (Seventh Heaven)<\/span><\/span><\/a><\/span><\/span> <span style=\"color: #000080;\"><span lang=\"zxx\"><span style=\"color: #000000;\"><span style=\"font-size: medium;\">\u2014 William Fox por Fox Films Co<\/span><\/span><\/span><\/span><\/p>\n<\/li>\n<\/ul>\n<p class=\"western\"><strong>MEJOR PELICULA POR\u00a0 CALIDAD ARTISTICA<\/strong><\/p>\n<ul>\n<li>\n<p class=\"western\"><span style=\"color: #000080;\"><span lang=\"zxx\"><span style=\"color: #000000;\"><span style=\"font-size: medium;\"><a href=\"https:\/\/cartelesmix.es\/cartelesdecine\/?p=842\" target=\"_blank\" rel=\"noopener\">Amanecer (Sunrise)<\/a> \u2014 William Fox por Fox Films Co.<\/span><\/span><\/span><\/span>. <span lang=\"zxx\"><u><a href=\"https:\/\/cartelesmix.es\/cartelesdecine\/?p=152589\" target=\"_blank\" rel=\"noopener\"><strong><img decoding=\"async\" src=\"http:\/\/cartelesmix.es\/images\/CartelesA\/oscar.gif\" \/><\/strong><\/a><\/u><\/span><\/p>\n<\/li>\n<li>\n<p class=\"western\"><span style=\"color: #000080;\"><span lang=\"zxx\"><span style=\"color: #000000;\"><span style=\"font-size: medium;\"><a href=\"https:\/\/cartelesmix.es\/cartelesdecine\/?p=1755\" target=\"_blank\" rel=\"noopener\">Chang: A Drama of the Wilderness (Chang)<\/a> \u2014 Merian C. Cooper, and Ernest B. Schoedsack por Paramount Famous Lasky Co.<\/span><\/span><\/span><\/span><\/p>\n<\/li>\n<li>\n<p class=\"western\"><span style=\"color: #000080;\"><span lang=\"zxx\"><span style=\"color: #000000;\"><span style=\"font-size: medium;\"><a href=\"https:\/\/cartelesmix.es\/cartelesdecine\/?p=9419\" target=\"_blank\" rel=\"noopener\">Y el mundo marcha (The Crowd)<\/a> \u2014 Irving Thalberg Metro-Goldwyn-Mayer<\/span><\/span><\/span><\/span><\/p>\n<\/li>\n<\/ul>\n<p class=\"western\"><strong><span style=\"color: #000080;\"><span lang=\"zxx\"><span style=\"color: #000000;\"><span style=\"font-size: medium;\">MEJOR DIRECCI\u00d3N \u2013 DRAMA<\/span><\/span><\/span><\/span><\/strong><\/p>\n<ul>\n<li>\n<p class=\"western\"><span style=\"color: #000080;\"><span lang=\"zxx\"><span style=\"color: #000000;\"><span style=\"font-size: medium;\">Frank Borzage &#8211; <a href=\"https:\/\/cartelesmix.es\/cartelesdecine\/?p=8032\" target=\"_blank\" rel=\"noopener\">El S\u00e9ptimo cielo (7th Heaven) (Seventh Heaven)<\/a>\u00a0<\/span><\/span><\/span><\/span>. <span lang=\"zxx\"><u><a href=\"https:\/\/cartelesmix.es\/cartelesdecine\/?p=152589\" target=\"_blank\" rel=\"noopener\"><strong><img decoding=\"async\" src=\"http:\/\/cartelesmix.es\/images\/CartelesA\/oscar.gif\" \/><\/strong><\/a><\/u><\/span><\/p>\n<\/li>\n<li>\n<p class=\"western\"><span style=\"color: #000080;\"><span lang=\"zxx\"><span style=\"color: #000000;\"><span style=\"font-size: medium;\">Herbert Brenon \u2013 <a href=\"https:\/\/cartelesmix.es\/cartelesdecine\/?p=5399\" target=\"_blank\" rel=\"noopener\">El Capitan Sorrell (Sorrell and Son)<\/a><\/span><\/span><\/span><\/span><\/p>\n<\/li>\n<li>\n<p class=\"western\"><span style=\"color: #000080;\"><span lang=\"zxx\"><span style=\"color: #000000;\"><span style=\"font-size: medium;\">King Vidor \u2013 <a href=\"https:\/\/cartelesmix.es\/cartelesdecine\/?p=9419\" target=\"_blank\" rel=\"noopener\">Y el mundo marcha (The Crowd)<\/a><\/span><\/span><\/span><\/span><\/p>\n<\/li>\n<\/ul>\n<p class=\"western\"><strong>MEJOR DIRECCI\u00d3N \u2013 COMEDIA<\/strong><\/p>\n<ul>\n<li>\n<p class=\"western\"><span style=\"color: #000080;\"><span lang=\"zxx\"><span style=\"color: #000000;\"><span style=\"font-size: medium;\">Lewis Milestone &#8211; <a href=\"https:\/\/cartelesmix.es\/cartelesdecine\/?p=9042\" target=\"_blank\" rel=\"noopener\">Hermanos de armas (Two Arabian Knights)<\/a>\u00a0<\/span><\/span><\/span><\/span>. <span lang=\"zxx\"><u><a href=\"https:\/\/cartelesmix.es\/cartelesdecine\/?p=152589\" target=\"_blank\" rel=\"noopener\"><strong><img decoding=\"async\" src=\"http:\/\/cartelesmix.es\/images\/CartelesA\/oscar.gif\" \/><\/strong><\/a><\/u><\/span><\/p>\n<\/li>\n<li>\n<p class=\"western\"><span style=\"color: #000080;\"><span lang=\"zxx\"><span style=\"color: #000000;\"><span style=\"font-size: medium;\">Ted Wilde \u2013 <a href=\"https:\/\/cartelesmix.es\/cartelesdecine\/?p=233319\" target=\"_blank\" rel=\"noopener\">Rel\u00e1mpago (Speedy)<\/a><\/span><\/span><\/span><\/span><\/p>\n<\/li>\n<\/ul>\n<p class=\"western\"><strong>MEJOR ACTRIZ<\/strong><\/p>\n<ul>\n<li>\n<p class=\"western\"><span style=\"color: #000080;\"><span lang=\"zxx\"><span style=\"color: #000000;\"><span style=\"font-size: medium;\">Janet Gaynor \u2013 <a href=\"https:\/\/cartelesmix.es\/cartelesdecine\/?p=8032\" target=\"_blank\" rel=\"noopener\">El S\u00e9ptimo cielo (7th Heaven) (Seventh Heaven)<\/a> como Diane, <a href=\"https:\/\/cartelesmix.es\/cartelesdecine\/?p=5205\" target=\"_blank\" rel=\"noopener\">El Angel de la calle (Street Angel)<\/a> como Indre y <a href=\"https:\/\/cartelesmix.es\/cartelesdecine\/?p=842\" target=\"_blank\" rel=\"noopener\">Amanecer (Sunrise)<\/a> como Angela\u00a0<\/span><\/span><\/span><\/span>. <span lang=\"zxx\"><u><a href=\"https:\/\/cartelesmix.es\/cartelesdecine\/?p=152589\" target=\"_blank\" rel=\"noopener\"><strong><img decoding=\"async\" src=\"http:\/\/cartelesmix.es\/images\/CartelesA\/oscar.gif\" \/><\/strong><\/a><\/u><\/span><\/p>\n<\/li>\n<li>\n<p class=\"western\"><span style=\"color: #000080;\"><span lang=\"zxx\"><span style=\"color: #000000;\"><span style=\"font-size: medium;\">Louise Dresser \u2013 <a href=\"https:\/\/cartelesmix.es\/cartelesdecine\/?p=233323\" target=\"_blank\" rel=\"noopener\">Emigrantes (A Ship Comes In)<\/a> como mama Pleznik<\/span><\/span><\/span><\/span><\/p>\n<\/li>\n<li>\n<p class=\"western\"><span style=\"color: #000080;\"><span lang=\"zxx\"><span style=\"color: #000000;\"><span style=\"font-size: medium;\">Gloria Swanson \u2013 <a href=\"https:\/\/cartelesmix.es\/cartelesdecine\/?p=13471\" target=\"_blank\" rel=\"noopener\">La fr\u00e1gil voluntad (Sadie Thomson)<\/a> como Sadie Thompson<\/span><\/span><\/span><\/span><\/p>\n<\/li>\n<\/ul>\n<p class=\"western\"><strong>MEJOR ACTOR<\/strong><\/p>\n<ul>\n<li>\n<p class=\"western\"><span style=\"color: #000080;\"><span lang=\"zxx\"><span style=\"color: #000000;\"><span style=\"font-size: medium;\">Emil Jannings \u2013 <a href=\"https:\/\/cartelesmix.es\/cartelesdecine\/?p=14043\" target=\"_blank\" rel=\"noopener\">La \u00faltima orden (The Last Command)<\/a> como el duque Sergius Alexander y <a href=\"https:\/\/cartelesmix.es\/cartelesdecine\/?p=7221\" target=\"_blank\" rel=\"noopener\">El destino de la carne (The Way of All Flesh)<\/a> como August Schilling\u00a0<\/span><\/span><\/span><\/span>. <span lang=\"zxx\"><u><a href=\"https:\/\/cartelesmix.es\/cartelesdecine\/?p=152589\" target=\"_blank\" rel=\"noopener\"><strong><img decoding=\"async\" src=\"http:\/\/cartelesmix.es\/images\/CartelesA\/oscar.gif\" \/><\/strong><\/a><\/u><\/span><\/p>\n<\/li>\n<li>\n<p class=\"western\"><span style=\"color: #000080;\"><span lang=\"zxx\"><span style=\"color: #000000;\"><span style=\"font-size: medium;\">Richard Barthelmess \u2013 <a href=\"https:\/\/cartelesmix.es\/cartelesdecine\/?p=14045\" target=\"_blank\" rel=\"noopener\">La \u00faltima pena (The Noose)<\/a> como Nickie Elkins y <a href=\"https:\/\/cartelesmix.es\/cartelesdecine\/?p=7755\" target=\"_blank\" rel=\"noopener\">El mundo que nace (The Patent Leather Kid)<\/a> como el ni\u00f1o de charol<\/span><\/span><\/span><\/span><\/p>\n<\/li>\n<li>\n<p class=\"western\"><span style=\"color: #000080;\"><span lang=\"zxx\"><span style=\"color: #000000;\"><span style=\"font-size: medium;\">Charles Chaplin \u2013 <a href=\"https:\/\/cartelesmix.es\/cartelesdecine\/?p=5707\" target=\"_blank\" rel=\"noopener\">El circo (The circus)<\/a> <\/span><\/span><\/span><\/span><\/p>\n<\/li>\n<\/ul>\n<p class=\"western\"><strong>MEJOR ARGUMENTO<\/strong><\/p>\n<ul>\n<li>\n<p class=\"western\"><span style=\"color: #000080;\"><span lang=\"zxx\"><span style=\"color: #000000;\"><span style=\"font-size: medium;\"><a href=\"https:\/\/cartelesmix.es\/cartelesdecine\/?p=13629\" target=\"_blank\" rel=\"noopener\">La Ley del hampa (Underworld)<\/a> \u2013 Ben Hecht\u00a0<\/span><\/span><\/span><\/span>. <span lang=\"zxx\"><u><a href=\"https:\/\/cartelesmix.es\/cartelesdecine\/?p=152589\" target=\"_blank\" rel=\"noopener\"><strong><img decoding=\"async\" src=\"http:\/\/cartelesmix.es\/images\/CartelesA\/oscar.gif\" \/><\/strong><\/a><\/u><\/span><\/p>\n<\/li>\n<li>\n<p class=\"western\"><span style=\"color: #000080;\"><span lang=\"zxx\"><span style=\"color: #000000;\"><span style=\"font-size: medium;\"><a href=\"https:\/\/cartelesmix.es\/cartelesdecine\/?p=14043\" target=\"_blank\" rel=\"noopener\">La \u00faltima orden (The Last Command)<\/a> \u2013 Lajos B\u00edr\u00f3<\/span><\/span><\/span><\/span><\/p>\n<\/li>\n<li>\n<p class=\"western\"><span style=\"color: #000080;\"><span lang=\"zxx\"><span style=\"color: #000000;\"><span style=\"font-size: medium;\"><a href=\"https:\/\/cartelesmix.es\/cartelesdecine\/?p=5707\" target=\"_blank\" rel=\"noopener\">El circo (The circus)<\/a> \u2013 Charles Chaplin <\/span><\/span><\/span><\/span><\/p>\n<\/li>\n<\/ul>\n<p class=\"western\"><strong>MEJOR ADAPTACION<\/strong><\/p>\n<ul>\n<li>\n<p class=\"western\"><span style=\"color: #000080;\"><span lang=\"zxx\"><span style=\"color: #000000;\"><span style=\"font-size: medium;\"><a href=\"https:\/\/cartelesmix.es\/cartelesdecine\/?p=8032\" target=\"_blank\" rel=\"noopener\">El S\u00e9ptimo cielo (7th Heaven) (Seventh Heaven)<\/a> \u2013 Benjamin Glazer; basado en la obra de Austin Strong\u00a0<\/span><\/span><\/span><\/span>. <span lang=\"zxx\"><u><a href=\"https:\/\/cartelesmix.es\/cartelesdecine\/?p=152589\" target=\"_blank\" rel=\"noopener\"><strong><img decoding=\"async\" src=\"http:\/\/cartelesmix.es\/images\/CartelesA\/oscar.gif\" \/><\/strong><\/a><\/u><\/span><\/p>\n<\/li>\n<li>\n<p class=\"western\"><a href=\"https:\/\/cartelesmix.es\/cartelesdecine\/?p=233329\" target=\"_blank\" rel=\"noopener\"><span style=\"color: #000080;\"><span lang=\"zxx\"><span style=\"color: #000000;\"><span style=\"font-size: medium;\">La bella de Baltimore <\/span><\/span><\/span><\/span><span style=\"color: #000080;\"><span lang=\"zxx\"><span style=\"color: #000000;\"><span style=\"font-size: medium;\">(<\/span><\/span><\/span><\/span><span style=\"color: #000080;\"><span lang=\"zxx\"><span style=\"color: #000000;\"><span style=\"font-size: medium;\">Glorious Betsy)<\/span><\/span><\/span><\/span><\/a><span style=\"color: #000080;\"><span lang=\"zxx\"><span style=\"color: #000000;\"><span style=\"font-size: medium;\"> \u2013 Anthony Coldeway; basado en la obra de Rida Johnson Young<\/span><\/span><\/span><\/span><\/p>\n<\/li>\n<li>\n<p class=\"western\"><span style=\"color: #000080;\"><span lang=\"zxx\"><span style=\"color: #000000;\"><span style=\"font-size: medium;\"><a href=\"https:\/\/cartelesmix.es\/cartelesdecine\/?p=56131\" target=\"_blank\" rel=\"noopener\">El cantor de Jaz (The Jazz Singer)<\/a> \u2013 Alfred A. Cohn; basado en la historia \u00abThe Day of Atonement\u00bb y en la obra del mismo nombre de Samson Raphaelson<\/span><\/span><\/span><\/span><\/p>\n<\/li>\n<\/ul>\n<p class=\"western\"><strong>MEJOR DISE\u00d1O DE DIRECCION<\/strong><\/p>\n<ul>\n<li>\n<p class=\"western\"><span style=\"color: #000080;\"><span lang=\"zxx\"><span style=\"color: #000000;\"><span style=\"font-size: medium;\"><a href=\"https:\/\/cartelesmix.es\/cartelesdecine\/?p=7710\" target=\"_blank\" rel=\"noopener\">El mejor caballero (The Dove)<\/a> y <a href=\"https:\/\/cartelesmix.es\/cartelesdecine\/?p=233331\" target=\"_blank\" rel=\"noopener\">La tempestad (The Tempest)<\/a> \u2013 William Cameron Menzies\u00a0<\/span><\/span><\/span><\/span>. <span lang=\"zxx\"><u><a href=\"https:\/\/cartelesmix.es\/cartelesdecine\/?p=152589\" target=\"_blank\" rel=\"noopener\"><strong><img decoding=\"async\" src=\"http:\/\/cartelesmix.es\/images\/CartelesA\/oscar.gif\" \/><\/strong><\/a><\/u><\/span><\/p>\n<\/li>\n<li>\n<p class=\"western\"><span style=\"color: #000080;\"><span lang=\"zxx\"><span style=\"color: #000000;\"><span style=\"font-size: medium;\"><a href=\"https:\/\/cartelesmix.es\/cartelesdecine\/?p=8032\" target=\"_blank\" rel=\"noopener\">El S\u00e9ptimo cielo (7th Heaven) (Seventh Heaven)<\/a> \u2013 Harry Oliver<\/span><\/span><\/span><\/span><\/p>\n<\/li>\n<li>\n<p class=\"western\"><span style=\"color: #000080;\"><span lang=\"zxx\"><span style=\"color: #000000;\"><span style=\"font-size: medium;\"><a href=\"https:\/\/cartelesmix.es\/cartelesdecine\/?p=842\" target=\"_blank\" rel=\"noopener\">Amanecer (Sunrise)<\/a> \u2013 Rochus Gliese<\/span><\/span><\/span><\/span><\/p>\n<\/li>\n<\/ul>\n<p class=\"western\"><strong>MEJOR FOTOGRAFIA<\/strong><\/p>\n<ul>\n<li>\n<p class=\"western\"><span style=\"color: #000080;\"><span lang=\"zxx\"><span style=\"color: #000000;\"><span style=\"font-size: medium;\"><a href=\"https:\/\/cartelesmix.es\/cartelesdecine\/?p=842\" target=\"_blank\" rel=\"noopener\">Amanecer (Sunrise)<\/a> \u2013 Charles Rosher y Karl Struss\u00a0<\/span><\/span><\/span><\/span>. <span lang=\"zxx\"><u><a href=\"https:\/\/cartelesmix.es\/cartelesdecine\/?p=152589\" target=\"_blank\" rel=\"noopener\"><strong><img decoding=\"async\" src=\"http:\/\/cartelesmix.es\/images\/CartelesA\/oscar.gif\" \/><\/strong><\/a><\/u><\/span><\/p>\n<\/li>\n<li>\n<p class=\"western\"><span style=\"color: #000080;\"><span lang=\"zxx\"><span style=\"color: #000000;\"><span style=\"font-size: medium;\"><a href=\"https:\/\/cartelesmix.es\/cartelesdecine\/?p=233330\" target=\"_blank\" rel=\"noopener\">La danzarina sagrada (The Devil Dancer)<\/a> \u2013 George Barnes<\/span><\/span><\/span><\/span><\/p>\n<\/li>\n<li>\n<p class=\"western\"><span style=\"color: #000080;\"><span lang=\"zxx\"><span style=\"color: #000000;\"><span style=\"font-size: medium;\"><a href=\"https:\/\/cartelesmix.es\/cartelesdecine\/?p=11854\" target=\"_blank\" rel=\"noopener\">La llama m\u00e1gica (The Magic Flame)<\/a> \u2013 George Barnes<\/span><\/span><\/span><\/span><\/p>\n<\/li>\n<li>\n<p class=\"western\"><span style=\"color: #000080;\"><span lang=\"zxx\"><span style=\"color: #000000;\"><span style=\"font-size: medium;\"><a href=\"https:\/\/cartelesmix.es\/cartelesdecine\/?p=13471\" target=\"_blank\" rel=\"noopener\">La fr\u00e1gil voluntad (Sadie Thompson)<\/a> \u2013 George Barnes<\/span><\/span><\/span><\/span><\/p>\n<\/li>\n<\/ul>\n<p class=\"western\"><strong>MEJORES EFECTOS DE INGENIERIA<\/strong><\/p>\n<ul>\n<li>\n<p class=\"western\"><span style=\"color: #000080;\"><span lang=\"zxx\"><span style=\"color: #000000;\"><span style=\"font-size: medium;\"><a href=\"https:\/\/cartelesmix.es\/cartelesdecine\/?p=763\" target=\"_blank\" rel=\"noopener\">Alas (Wings) <\/a> &#8211; Roy Pomeroy\u00a0<\/span><\/span><\/span><\/span>. <span lang=\"zxx\"><u><a href=\"https:\/\/cartelesmix.es\/cartelesdecine\/?p=152589\" target=\"_blank\" rel=\"noopener\"><strong><img decoding=\"async\" src=\"http:\/\/cartelesmix.es\/images\/CartelesA\/oscar.gif\" \/><\/strong><\/a><\/u><\/span><\/p>\n<\/li>\n<li>\n<p class=\"western\"><span style=\"color: #000080;\"><span lang=\"zxx\"><span style=\"color: #000000;\"><span style=\"font-size: medium;\">Ralph Hammeras<\/span><\/span><\/span><\/span><\/p>\n<\/li>\n<li>\n<p class=\"western\"><span style=\"color: #000080;\"><span lang=\"zxx\"><span style=\"color: #000000;\"><span style=\"font-size: medium;\">Nugent Slaughter<\/span><\/span><\/span><\/span><\/p>\n<\/li>\n<\/ul>\n<p class=\"western\"><strong>MEJOR ESCRITURA, TITULOS DE CREDITO<\/strong><\/p>\n<ul>\n<li>\n<p class=\"western\"><span style=\"color: #000080;\"><span lang=\"zxx\"><span style=\"color: #000000;\"><span style=\"font-size: medium;\">Joseph W. Farnham\u00a0<\/span><\/span><\/span><\/span>. <span lang=\"zxx\"><u><a href=\"https:\/\/cartelesmix.es\/cartelesdecine\/?p=152589\" target=\"_blank\" rel=\"noopener\"><strong><img decoding=\"async\" src=\"http:\/\/cartelesmix.es\/images\/CartelesA\/oscar.gif\" \/><\/strong><\/a><\/u><\/span><\/p>\n<\/li>\n<li>\n<p class=\"western\"><span style=\"color: #000080;\"><span lang=\"zxx\"><span style=\"color: #000000;\"><span style=\"font-size: medium;\">George Marion Jr.<\/span><\/span><\/span><\/span><\/p>\n<\/li>\n<li>\n<p class=\"western\"><span style=\"color: #000080;\"><span lang=\"zxx\"><span style=\"color: #000000;\"><span style=\"font-size: medium;\"><a href=\"https:\/\/cartelesmix.es\/cartelesdecine\/?p=233328\" target=\"_blank\" rel=\"noopener\">La vida privada de Helena de Troya (The Private Life of Helen of Troy)<\/a> \u2013 Gerald Duffy (nominaci\u00f3n p\u00f3stuma)<\/span><\/span><\/span><\/span><\/p>\n<\/li>\n<\/ul>\n<p class=\"western\"><strong>PREMIOS HONORIFICOS<\/strong><\/p>\n<ul>\n<li>\n<p class=\"western\"><span style=\"color: #000080;\"><span lang=\"zxx\"><span style=\"color: #000000;\"><span style=\"font-size: medium;\">Charlie Chaplin \u00abPor versatilidad y genialidad en actuaci\u00f3n, guion, direcci\u00f3n y producci\u00f3n de <a href=\"https:\/\/cartelesmix.es\/cartelesdecine\/?p=5707\" target=\"_blank\" rel=\"noopener\">El circo<\/a>\u00bb. <\/span><\/span><\/span><\/span><\/p>\n<\/li>\n<li>\n<p class=\"western\"><span style=\"color: #000080;\"><span lang=\"zxx\"><span style=\"color: #000000;\"><span style=\"font-size: medium;\">Warner Brothers Production \u00abPor la producci\u00f3n de <a href=\"https:\/\/cartelesmix.es\/cartelesdecine\/?p=56131\" target=\"_blank\" rel=\"noopener\">El cantor de Jaz<\/a>, la destacada e innovadora pel\u00edcula hablada, que ha revolucionado la industria\u00bb. <\/span><\/span><\/span><\/span><\/p>\n<\/li>\n<\/ul>\n","protected":false},"excerpt":{"rendered":"<p>Premios Oscar 1928-1929 Primera Edici\u00f3n 16\/05\/1929 &#8211; Esta primera ceremonia se celebr\u00f3 durante un almuerzo privado en el hotel Hollywood Roosevelt, con una audiencia de cerca de 270 personas. La fiesta llevada a cabo despu\u00e9s de la ceremonia tuvo lugar en el Hotel Mayfair. El costo de las entradas para los invitados a la ceremonia &hellip; <\/p>\n<p class=\"link-more\"><a href=\"https:\/\/cartelesmix.es\/cartelesdecine\/?page_id=233362\" class=\"more-link\">Continuar leyendo<span class=\"screen-reader-text\"> \u00abPremios Oscar 1927-1928 \u2013 Primera Edici\u00f3n\u00bb<\/span><\/a><\/p>\n","protected":false},"author":1,"featured_media":0,"parent":0,"menu_order":0,"comment_status":"closed","ping_status":"closed","template":"","meta":{"footnotes":""},"class_list":["post-233362","page","type-page","status-publish","hentry"],"_links":{"self":[{"href":"https:\/\/cartelesmix.es\/cartelesdecine\/index.php?rest_route=\/wp\/v2\/pages\/233362","targetHints":{"allow":["GET"]}}],"collection":[{"href":"https:\/\/cartelesmix.es\/cartelesdecine\/index.php?rest_route=\/wp\/v2\/pages"}],"about":[{"href":"https:\/\/cartelesmix.es\/cartelesdecine\/index.php?rest_route=\/wp\/v2\/types\/page"}],"author":[{"embeddable":true,"href":"https:\/\/cartelesmix.es\/cartelesdecine\/index.php?rest_route=\/wp\/v2\/users\/1"}],"replies":[{"embeddable":true,"href":"https:\/\/cartelesmix.es\/cartelesdecine\/index.php?rest_route=%2Fwp%2Fv2%2Fcomments&post=233362"}],"version-history":[{"count":2,"href":"https:\/\/cartelesmix.es\/cartelesdecine\/index.php?rest_route=\/wp\/v2\/pages\/233362\/revisions"}],"predecessor-version":[{"id":233364,"href":"https:\/\/cartelesmix.es\/cartelesdecine\/index.php?rest_route=\/wp\/v2\/pages\/233362\/revisions\/233364"}],"wp:attachment":[{"href":"https:\/\/cartelesmix.es\/cartelesdecine\/index.php?rest_route=%2Fwp%2Fv2%2Fmedia&parent=233362"}],"curies":[{"name":"wp","href":"https:\/\/api.w.org\/{rel}","templated":true}]}}