{"id":233658,"date":"2021-04-29T11:26:21","date_gmt":"2021-04-29T10:26:21","guid":{"rendered":"https:\/\/cartelesmix.es\/cartelesdecine\/?page_id=233658"},"modified":"2021-04-30T13:06:13","modified_gmt":"2021-04-30T12:06:13","slug":"premios-oscar-1931-edicion-numero-4","status":"publish","type":"page","link":"https:\/\/cartelesmix.es\/cartelesdecine\/?page_id=233658","title":{"rendered":"Premios Oscar 1931 &#8211; Edici\u00f3n n\u00famero 4"},"content":{"rendered":"<p class=\"western\" align=\"center\"><strong>Premios Oscar 1931 &#8211;\u00a0Edici\u00f3n n\u00famero 4<\/strong><\/p>\n<p class=\"western\">10\/11\/1931 &#8211; El 10 de noviembre de 1931 en el Biltmore Hotel de Los \u00c1ngeles, California se celebr\u00f3 la cuarta ceremonia de entrega de los Oscar de Hollywood y fue conducida por Lawrence Grant. La pel\u00edculas nominadas en esta edici\u00f3n deb\u00edan haberse estrenado en Los \u00c1ngeles entre el 1 de agosto de 1930 y el 31 de julio de 1931.<\/p>\n<p class=\"western\">Durante la ceremonia, Jackie Cooper, que ten\u00eda entonces 9 a\u00f1os y estaba nominado como mejor actor por su papel en <i>Skippy<\/i>, se qued\u00f3 dormido sobre el hombro de la actriz nominada Marie Dressler. Cuando Dressler fue anunciada como ganadora del premio a la mejor actriz, Cooper tuvo que ser acomodado sobre el regazo de su madre.<\/p>\n<p class=\"western\"><i>Cimarr\u00f3n<\/i> se convirti\u00f3 en el primer W\u00e9stern ganador del premio a la mejor pel\u00edcula, y fue el \u00fanico en lograrlo durante 59 a\u00f1os (hasta la victoria de Bailando con lobos en 1991). La pel\u00edcula recibi\u00f3 la, por entonces, cifra record de 7 nominaciones, y fue la primera pel\u00edcula en lograr m\u00e1s de 2 premios.<\/p>\n<p class=\"western\">Jackie Cooper fue la primera estrella juvenil en recibir una nominaci\u00f3n, y fue el nominado m\u00e1s joven durante cerca de 50 a\u00f1os. Actualmente, es el segundo nominado m\u00e1s joven de toda la historia de los premios y el \u00fanico menor de 18 a\u00f1os nominado en la categor\u00eda de mejor actor.<\/p>\n<p class=\"western\"><b>Mejor pel\u00edcula<\/b><\/p>\n<ul>\n<li class=\"western\"><a href=\"https:\/\/cartelesmix.es\/cartelesdecine\/?p=1818\" target=\"_blank\" rel=\"noopener\">Cimarr\u00f3n<\/a>\u00a0 \u00a0 \u00a0<img loading=\"lazy\" decoding=\"async\" class=\"alignnone\" title=\"oscar\" src=\"http:\/\/cartelesmix.es\/images\/CartelesA\/oscar.gif\" alt=\"\" width=\"51\" height=\"13\" \/><\/li>\n<li class=\"western\"><a href=\"https:\/\/cartelesmix.es\/cartelesdecine\/?p=12115\" target=\"_blank\" rel=\"noopener\">Trader Horn<\/a><\/li>\n<li class=\"western\"><a href=\"https:\/\/cartelesmix.es\/cartelesdecine\/?p=12301\" target=\"_blank\" rel=\"noopener\">Un gran reportaje<\/a><\/li>\n<li class=\"western\"><a href=\"https:\/\/cartelesmix.es\/cartelesdecine\/?p=14263\">Las peripecias de Skippy<\/a><\/li>\n<li class=\"western\"><a href=\"https:\/\/cartelesmix.es\/cartelesdecine\/?p=233652\" target=\"_blank\" rel=\"noopener\">Vidas truncadas<\/a><\/li>\n<\/ul>\n<p class=\"western\"><b>Mejor direcci\u00f3n<\/b><\/p>\n<ul>\n<li class=\"western\"><a href=\"https:\/\/cartelesmix.es\/cartelesdecine\/?p=14263\">Las peripecias de Skippy<\/a> &#8211; Norman Taurog &#8211;\u00a0 \u00a0 \u00a0 \u00a0<img loading=\"lazy\" decoding=\"async\" class=\"alignnone\" title=\"oscar\" src=\"http:\/\/cartelesmix.es\/images\/CartelesA\/oscar.gif\" alt=\"\" width=\"51\" height=\"13\" \/><\/li>\n<li class=\"western\"><a href=\"https:\/\/cartelesmix.es\/cartelesdecine\/?p=1818\" target=\"_blank\" rel=\"noopener\">Cimarr\u00f3n<\/a> &#8211; Wesley Ruggles<\/li>\n<li class=\"western\"><a href=\"https:\/\/cartelesmix.es\/cartelesdecine\/?p=821\" target=\"_blank\" rel=\"noopener\">Un alma libre<\/a> &#8211; Clarence Brown<\/li>\n<li class=\"western\"><a href=\"https:\/\/cartelesmix.es\/cartelesdecine\/?p=12301\" target=\"_blank\" rel=\"noopener\">Un gran reportaje<\/a> &#8211; Lewis Milestone<\/li>\n<li class=\"western\"><a href=\"https:\/\/cartelesmix.es\/cartelesdecine\/?p=12747\" target=\"_blank\" rel=\"noopener\">Marruecos<\/a> &#8211; Josef von Sternberg<\/li>\n<\/ul>\n<p><b>Mejor actriz principal<\/b><\/p>\n<ul>\n<li class=\"western\">Marie Dressler en <a href=\"https:\/\/cartelesmix.es\/cartelesdecine\/?p=13473\" target=\"_blank\" rel=\"noopener\">Fruta amarga-<\/a> \u00a0 \u00a0 \u00a0 \u00a0<img loading=\"lazy\" decoding=\"async\" class=\"alignnone\" title=\"oscar\" src=\"http:\/\/cartelesmix.es\/images\/CartelesA\/oscar.gif\" alt=\"\" width=\"51\" height=\"13\" \/><\/li>\n<li class=\"western\">Irene Dunne en <a href=\"https:\/\/cartelesmix.es\/cartelesdecine\/?p=1818\" target=\"_blank\" rel=\"noopener\">Cimarr\u00f3n<\/a><\/li>\n<li class=\"western\">Norma Shearer en <a href=\"https:\/\/cartelesmix.es\/cartelesdecine\/?p=821\" target=\"_blank\" rel=\"noopener\">Un alma libre<\/a><\/li>\n<li class=\"western\">Ann Harding en <a href=\"https:\/\/cartelesmix.es\/cartelesdecine\/?p=9096\" target=\"_blank\" rel=\"noopener\">Holiday<\/a><\/li>\n<li class=\"western\">Marlene Dietrich en <a href=\"https:\/\/cartelesmix.es\/cartelesdecine\/?p=12747\" target=\"_blank\" rel=\"noopener\">Marruecos<\/a><\/li>\n<\/ul>\n<p class=\"western\"><b>Mejor actor principal<\/b><\/p>\n<ul>\n<li class=\"western\">Lionel Barrymore en <a href=\"https:\/\/cartelesmix.es\/cartelesdecine\/?p=821\" target=\"_blank\" rel=\"noopener\">Un alma libre-<\/a><a href=\"https:\/\/cartelesmix.es\/cartelesdecine\/?p=225741\" target=\"_blank\" rel=\"noopener noreferrer\"> \u00a0 \u00a0 \u00a0 \u00a0<img loading=\"lazy\" decoding=\"async\" class=\"alignnone\" title=\"oscar\" src=\"http:\/\/cartelesmix.es\/images\/CartelesA\/oscar.gif\" alt=\"\" width=\"51\" height=\"13\" \/><\/a><\/li>\n<li class=\"western\">Richard Dix en <a href=\"https:\/\/cartelesmix.es\/cartelesdecine\/?p=1818\" target=\"_blank\" rel=\"noopener\">Cimarr\u00f3n<\/a><\/li>\n<li class=\"western\">Adolphe Menjou en <a href=\"https:\/\/cartelesmix.es\/cartelesdecine\/?p=12301\" target=\"_blank\" rel=\"noopener\">Un gran reportaje<\/a><\/li>\n<li class=\"western\">Fredric March en <a href=\"https:\/\/cartelesmix.es\/cartelesdecine\/?p=233656\" target=\"_blank\" rel=\"noopener\">The Royal Family of Broadway <\/a><\/li>\n<li class=\"western\">Jackie Cooper en <a href=\"https:\/\/cartelesmix.es\/cartelesdecine\/?p=14263\">Las peripecias de Skippy<\/a><\/li>\n<\/ul>\n<p class=\"western\"><b>Mejor guion<\/b><\/p>\n<ul>\n<li class=\"western\">Howard Estabrook &#8211; <a href=\"https:\/\/cartelesmix.es\/cartelesdecine\/?p=1818\" target=\"_blank\" rel=\"noopener\">Cimarr\u00f3n-<\/a><a href=\"https:\/\/cartelesmix.es\/cartelesdecine\/?p=225741\" target=\"_blank\" rel=\"noopener noreferrer\"> \u00a0 \u00a0 \u00a0 \u00a0<img loading=\"lazy\" decoding=\"async\" class=\"alignnone\" title=\"oscar\" src=\"http:\/\/cartelesmix.es\/images\/CartelesA\/oscar.gif\" alt=\"\" width=\"51\" height=\"13\" \/><\/a><\/li>\n<li class=\"western\">Seton I. Miller, Fred Niblo Jr. &#8211; <a href=\"https:\/\/cartelesmix.es\/cartelesdecine\/?p=194367\" target=\"_blank\" rel=\"noopener\">El c\u00f3digo penal<\/a><\/li>\n<li class=\"western\">Horace Jackson &#8211; <a href=\"https:\/\/cartelesmix.es\/cartelesdecine\/?p=9096\" target=\"_blank\" rel=\"noopener\">Holiday<\/a><\/li>\n<li class=\"western\">Francis Edward Faragoh, Robert N. Lee &#8211; <a href=\"https:\/\/cartelesmix.es\/cartelesdecine\/?p=8947\" target=\"_blank\" rel=\"noopener\">Hampa dorada<\/a><\/li>\n<li class=\"western\">Joseph L. Mankiewicz, Sam Mintz &#8211; <a href=\"https:\/\/cartelesmix.es\/cartelesdecine\/?p=14263\">Las peripecias de Skippy<\/a><\/li>\n<\/ul>\n<p class=\"western\"><b>Mejor historia original<\/b><\/p>\n<ul>\n<li class=\"western\">John Monk Saunders &#8211; <a href=\"https:\/\/cartelesmix.es\/cartelesdecine\/?p=13399\" target=\"_blank\" rel=\"noopener\">La escuadrilla del amanecer-<\/a><a href=\"https:\/\/cartelesmix.es\/cartelesdecine\/?p=225741\" target=\"_blank\" rel=\"noopener noreferrer\"> \u00a0 \u00a0 \u00a0 \u00a0<img loading=\"lazy\" decoding=\"async\" class=\"alignnone\" title=\"oscar\" src=\"http:\/\/cartelesmix.es\/images\/CartelesA\/oscar.gif\" alt=\"\" width=\"51\" height=\"13\" \/><\/a><\/li>\n<li class=\"western\">Rowland Brown &#8211; <a href=\"https:\/\/cartelesmix.es\/cartelesdecine\/?p=189140\" target=\"_blank\" rel=\"noopener\">La senda del crimen<\/a><\/li>\n<li class=\"western\">Harry d&#8217;Abbadie d&#8217;Arrast, Douglas Z. Doty, Donald Ogden Stewart &#8211; <a href=\"https:\/\/cartelesmix.es\/cartelesdecine\/?p=233649\" target=\"_blank\" rel=\"noopener\">Falsa personalidad<\/a><\/li>\n<li class=\"western\">John Bright, Kubec Glasmon &#8211; <a href=\"https:\/\/cartelesmix.es\/cartelesdecine\/?p=7330\" target=\"_blank\" rel=\"noopener\">El enemigo p\u00fablico<\/a><\/li>\n<li class=\"western\">Lucien Hubbard, Joseph Jackson &#8211; <a href=\"https:\/\/cartelesmix.es\/cartelesdecine\/?p=194349\" target=\"_blank\" rel=\"noopener\">Dinero f\u00e1cil<\/a><\/li>\n<\/ul>\n<p class=\"western\"><b>Mejor fotograf\u00eda<\/b><\/p>\n<ul>\n<li class=\"western\">Floyd Crosby &#8211; <a href=\"https:\/\/cartelesmix.es\/cartelesdecine\/?p=189400\" target=\"_blank\" rel=\"noopener\">Tab\u00fa-<\/a><a href=\"https:\/\/cartelesmix.es\/cartelesdecine\/?p=225741\" target=\"_blank\" rel=\"noopener noreferrer\"> \u00a0 \u00a0 \u00a0 \u00a0<img loading=\"lazy\" decoding=\"async\" class=\"alignnone\" title=\"oscar\" src=\"http:\/\/cartelesmix.es\/images\/CartelesA\/oscar.gif\" alt=\"\" width=\"51\" height=\"13\" \/><\/a><\/li>\n<li class=\"western\">Edward Cronjager &#8211; <a href=\"https:\/\/cartelesmix.es\/cartelesdecine\/?p=1818\" target=\"_blank\" rel=\"noopener\">Cimarr\u00f3n<\/a><\/li>\n<li class=\"western\">Lee Garmes &#8211; <a href=\"https:\/\/cartelesmix.es\/cartelesdecine\/?p=12747\" target=\"_blank\" rel=\"noopener\">Marruecos<\/a><\/li>\n<li class=\"western\">Charles Lang &#8211; <a href=\"https:\/\/cartelesmix.es\/cartelesdecine\/?p=233654\" target=\"_blank\" rel=\"noopener\">The Right to Love<\/a><\/li>\n<li class=\"western\">Barney McGill \u2013 <a href=\"https:\/\/cartelesmix.es\/cartelesdecine\/?p=189421\" target=\"_blank\" rel=\"noopener\">Svengali<\/a><\/li>\n<\/ul>\n<p class=\"western\"><b>Mejor dise\u00f1o de producci\u00f3n<\/b><\/p>\n<ul>\n<li class=\"western\">Max R\u00e9e &#8211; <a href=\"https:\/\/cartelesmix.es\/cartelesdecine\/?p=1818\" target=\"_blank\" rel=\"noopener\">Cimarr\u00f3n-<\/a><a href=\"https:\/\/cartelesmix.es\/cartelesdecine\/?p=225741\" target=\"_blank\" rel=\"noopener noreferrer\"> \u00a0 \u00a0 \u00a0 \u00a0<img loading=\"lazy\" decoding=\"async\" class=\"alignnone\" title=\"oscar\" src=\"http:\/\/cartelesmix.es\/images\/CartelesA\/oscar.gif\" alt=\"\" width=\"51\" height=\"13\" \/><\/a><\/li>\n<li class=\"western\">Hans Dreier &#8211; <a href=\"https:\/\/cartelesmix.es\/cartelesdecine\/?p=12747\" target=\"_blank\" rel=\"noopener\">Marruecos<\/a><\/li>\n<li class=\"western\">Anton Grot &#8211; <a href=\"https:\/\/cartelesmix.es\/cartelesdecine\/?p=189421\" target=\"_blank\" rel=\"noopener\">Svengali<\/a><\/li>\n<li class=\"western\">Richard Day \u2013 <a href=\"https:\/\/cartelesmix.es\/cartelesdecine\/?p=9543\" target=\"_blank\" rel=\"noopener\">Whoopee!<\/a><\/li>\n<li class=\"western\">Stephen Goosson, Ralph Hammeras &#8211; <a href=\"https:\/\/cartelesmix.es\/cartelesdecine\/?p=176429\" target=\"_blank\" rel=\"noopener\">1980, una fantas\u00eda del porvenir<\/a><\/li>\n<\/ul>\n","protected":false},"excerpt":{"rendered":"<p>Premios Oscar 1931 &#8211;\u00a0Edici\u00f3n n\u00famero 4 10\/11\/1931 &#8211; El 10 de noviembre de 1931 en el Biltmore Hotel de Los \u00c1ngeles, California se celebr\u00f3 la cuarta ceremonia de entrega de los Oscar de Hollywood y fue conducida por Lawrence Grant. La pel\u00edculas nominadas en esta edici\u00f3n deb\u00edan haberse estrenado en Los \u00c1ngeles entre el 1 &hellip; <\/p>\n<p class=\"link-more\"><a href=\"https:\/\/cartelesmix.es\/cartelesdecine\/?page_id=233658\" class=\"more-link\">Continuar leyendo<span class=\"screen-reader-text\"> \u00abPremios Oscar 1931 &#8211; Edici\u00f3n n\u00famero 4\u00bb<\/span><\/a><\/p>\n","protected":false},"author":1,"featured_media":0,"parent":0,"menu_order":0,"comment_status":"closed","ping_status":"closed","template":"","meta":{"footnotes":""},"class_list":["post-233658","page","type-page","status-publish","hentry"],"_links":{"self":[{"href":"https:\/\/cartelesmix.es\/cartelesdecine\/index.php?rest_route=\/wp\/v2\/pages\/233658","targetHints":{"allow":["GET"]}}],"collection":[{"href":"https:\/\/cartelesmix.es\/cartelesdecine\/index.php?rest_route=\/wp\/v2\/pages"}],"about":[{"href":"https:\/\/cartelesmix.es\/cartelesdecine\/index.php?rest_route=\/wp\/v2\/types\/page"}],"author":[{"embeddable":true,"href":"https:\/\/cartelesmix.es\/cartelesdecine\/index.php?rest_route=\/wp\/v2\/users\/1"}],"replies":[{"embeddable":true,"href":"https:\/\/cartelesmix.es\/cartelesdecine\/index.php?rest_route=%2Fwp%2Fv2%2Fcomments&post=233658"}],"version-history":[{"count":6,"href":"https:\/\/cartelesmix.es\/cartelesdecine\/index.php?rest_route=\/wp\/v2\/pages\/233658\/revisions"}],"predecessor-version":[{"id":233662,"href":"https:\/\/cartelesmix.es\/cartelesdecine\/index.php?rest_route=\/wp\/v2\/pages\/233658\/revisions\/233662"}],"wp:attachment":[{"href":"https:\/\/cartelesmix.es\/cartelesdecine\/index.php?rest_route=%2Fwp%2Fv2%2Fmedia&parent=233658"}],"curies":[{"name":"wp","href":"https:\/\/api.w.org\/{rel}","templated":true}]}}