{"id":235597,"date":"2022-04-30T12:21:17","date_gmt":"2022-04-30T11:21:17","guid":{"rendered":"https:\/\/cartelesmix.es\/cartelesdecine\/?page_id=235597"},"modified":"2022-04-30T12:43:46","modified_gmt":"2022-04-30T11:43:46","slug":"premios-oscar-1934-edicion-numero-6","status":"publish","type":"page","link":"https:\/\/cartelesmix.es\/cartelesdecine\/?page_id=235597","title":{"rendered":"Premios Oscar 1934 \u2013 Edici\u00f3n n\u00famero 6"},"content":{"rendered":"<p style=\"text-align: center;\"><strong>Premios Oscar 1934 \u2013 Edici\u00f3n n\u00famero 6<\/strong><\/p>\n<p class=\"western\">16\/03\/1934 &#8211; La sexta ceremonia de entrega de los Premios \u00d3scar se celebr\u00f3 el 16 de marzo de 1934 en el The Ambassador Hotel de Los \u00c1ngeles, California y fue conducida por Will Rogers, quien tambi\u00e9n present\u00f3 todos los premios.<\/p>\n<p class=\"western\">Will Rogers present\u00f3 el premio al mejor director, y cuando abri\u00f3 el sobre, simplemente dijo \u00ab\u00a1Sube y rec\u00f3gelo, Frank!\u00bb. Frank Capra, seguro de que era el ganador, corri\u00f3 hacia el escenario para recoger el \u00d3scar, pero al llegar descubri\u00f3 que a quien hab\u00eda llamado Rogers era a Frank Lloyd, quien hab\u00eda ganado por <i>Cabalgata<\/i>. Posiblemente para minimizar su propio error, Rogers llam\u00f3 entonces al tercer nominado George Cukor para que se uniera a los dos Frank en el estrado.<\/p>\n<p class=\"western\">En esta edici\u00f3n se nominaron pel\u00edculas estrenadas desde el 1 de agosto de 1932 hasta el 31 de diciembre de 1933.<\/p>\n<p class=\"western\"><b>Mejor pel\u00edcula<\/b><\/p>\n<p class=\"western\"><span style=\"color: #000080;\"><span lang=\"zxx\"><u><a href=\"https:\/\/cartelesmix.es\/cartelesdecine\/?p=1518\" target=\"_blank\" rel=\"noopener\">Cabalgata<\/a><\/u><\/span><\/span> &#8211;\u00a0 <img decoding=\"async\" src=\"http:\/\/cartelesmix.es\/images\/CartelesA\/oscar.gif\" \/><\/p>\n<p class=\"western\"><span style=\"color: #000080;\"><span lang=\"zxx\"><u><a href=\"https:\/\/cartelesmix.es\/cartelesdecine\/?p=13199\" target=\"_blank\" rel=\"noopener\">La calle 42<\/a><\/u><\/span><\/span><\/p>\n<p class=\"western\"><span style=\"color: #000080;\"><span lang=\"zxx\"><u><a href=\"https:\/\/cartelesmix.es\/cartelesdecine\/?p=664\" target=\"_blank\" rel=\"noopener\">Adi\u00f3s a las armas<\/a><\/u><\/span><\/span><\/p>\n<p class=\"western\"><span style=\"color: #000080;\"><span lang=\"zxx\"><u><a href=\"https:\/\/cartelesmix.es\/cartelesdecine\/?p=11266\" target=\"_blank\" rel=\"noopener\">Soy un fugitivo<\/a><\/u><\/span><\/span><\/p>\n<p class=\"western\"><span style=\"color: #000080;\"><span lang=\"zxx\"><u><a href=\"https:\/\/cartelesmix.es\/cartelesdecine\/?p=2635\" target=\"_blank\" rel=\"noopener\">Dama por un d\u00eda<\/a><\/u><\/span><\/span><\/p>\n<p class=\"western\"><span style=\"color: #000080;\"><span lang=\"zxx\"><u><a href=\"https:\/\/cartelesmix.es\/cartelesdecine\/?p=14207\" target=\"_blank\" rel=\"noopener\">Las cuatro hermanitas<\/a><\/u><\/span><\/span><\/p>\n<p class=\"western\"><span style=\"color: #000080;\"><span lang=\"zxx\"><u><a href=\"https:\/\/cartelesmix.es\/cartelesdecine\/?p=14102\" target=\"_blank\" rel=\"noopener\">La vida privada de Enrique VIII<\/a><\/u><\/span><\/span><\/p>\n<p class=\"western\"><span style=\"color: #000080;\"><span lang=\"zxx\"><u><a href=\"https:\/\/cartelesmix.es\/cartelesdecine\/?p=14150\" target=\"_blank\" rel=\"noopener\">Lady Lou<\/a><\/u><\/span><\/span><\/p>\n<p class=\"western\"><span style=\"color: #000080;\"><span lang=\"zxx\"><u><a href=\"https:\/\/cartelesmix.es\/cartelesdecine\/?p=13651\" target=\"_blank\" rel=\"noopener\">La llama eterna<\/a><\/u><\/span><\/span><\/p>\n<p class=\"western\"><span style=\"color: #000080;\"><span lang=\"zxx\"><u><a href=\"https:\/\/cartelesmix.es\/cartelesdecine\/?p=13451\" target=\"_blank\" rel=\"noopener\">La feria de la vida<\/a><\/u><\/span><\/span><\/p>\n<p class=\"western\"><b>Mejor direcci\u00f3n<\/b><\/p>\n<p class=\"western\">Frank Lloyd por <span style=\"color: #000080;\"><span lang=\"zxx\"><u><a href=\"https:\/\/cartelesmix.es\/cartelesdecine\/?p=1518\" target=\"_blank\" rel=\"noopener\">Cabalgata<\/a><\/u><\/span><\/span> &#8211;\u00a0 <img decoding=\"async\" src=\"http:\/\/cartelesmix.es\/images\/CartelesA\/oscar.gif\" \/><\/p>\n<p class=\"western\">Frank Capra por <span style=\"color: #000080;\"><span lang=\"zxx\"><u><a href=\"https:\/\/cartelesmix.es\/cartelesdecine\/?p=2635\" target=\"_blank\" rel=\"noopener\">Dama por un d\u00eda<\/a><\/u><\/span><\/span><\/p>\n<p class=\"western\">George Cukor por <span style=\"color: #000080;\"><span lang=\"zxx\"><u><a href=\"https:\/\/cartelesmix.es\/cartelesdecine\/?p=14207\" target=\"_blank\" rel=\"noopener\">Las cuatro hermanitas<\/a><\/u><\/span><\/span><\/p>\n<p class=\"western\"><b>Mejor actriz principal<\/b><\/p>\n<p class=\"western\">Katharine Hepburn &#8211; <span style=\"color: #000080;\"><span lang=\"zxx\"><u><a href=\"https:\/\/cartelesmix.es\/cartelesdecine\/?p=8810\" target=\"_blank\" rel=\"noopener\">Gloria de un d\u00eda<\/a><\/u><\/span><\/span> &#8211;\u00a0 <img decoding=\"async\" src=\"http:\/\/cartelesmix.es\/images\/CartelesA\/oscar.gif\" \/><\/p>\n<p class=\"western\">Diana Wynyard &#8211; <span style=\"color: #000080;\"><span lang=\"zxx\"><u><a href=\"https:\/\/cartelesmix.es\/cartelesdecine\/?p=1518\" target=\"_blank\" rel=\"noopener\">Cabalgata<\/a><\/u><\/span><\/span><\/p>\n<p class=\"western\">May Robson &#8211; <span style=\"color: #000080;\"><span lang=\"zxx\"><u><a href=\"https:\/\/cartelesmix.es\/cartelesdecine\/?p=2635\" target=\"_blank\" rel=\"noopener\">Dama por un d\u00eda<\/a><\/u><\/span><\/span><\/p>\n<p class=\"western\"><b>Mejor actor principal<\/b><\/p>\n<p class=\"western\">Charles Laughton &#8211; <span style=\"color: #000080;\"><span lang=\"zxx\"><u><a href=\"https:\/\/cartelesmix.es\/cartelesdecine\/?p=14102\" target=\"_blank\" rel=\"noopener\">La vida privada de Enrique VIII<\/a><\/u><\/span><\/span> &#8211;\u00a0 <img decoding=\"async\" src=\"http:\/\/cartelesmix.es\/images\/CartelesA\/oscar.gif\" \/><\/p>\n<p class=\"western\">Leslie Howard \u2013 <span style=\"color: #000080;\"><span lang=\"zxx\"><u><a href=\"https:\/\/cartelesmix.es\/cartelesdecine\/?p=13872\" target=\"_blank\" rel=\"noopener\">La plaza de Berkeley<\/a><\/u><\/span><\/span><\/p>\n<p class=\"western\">Paul Muni &#8211; <span style=\"color: #000080;\"><span lang=\"zxx\"><u><a href=\"https:\/\/cartelesmix.es\/cartelesdecine\/?p=11266\" target=\"_blank\" rel=\"noopener\">Soy un fugitivo<\/a><\/u><\/span><\/span><\/p>\n<p class=\"western\"><b>Mejor guion adaptado<\/b><\/p>\n<p class=\"western\">Victor Heerman, Sarah Y. Mason &#8211; <span style=\"color: #000080;\"><span lang=\"zxx\"><u><a href=\"https:\/\/cartelesmix.es\/cartelesdecine\/?p=14207\" target=\"_blank\" rel=\"noopener\">Las cuatro hermanitas<\/a><\/u><\/span><\/span> &#8211;\u00a0 <img decoding=\"async\" src=\"http:\/\/cartelesmix.es\/images\/CartelesA\/oscar.gif\" \/><\/p>\n<p class=\"western\">Robert Riskin &#8211; <span style=\"color: #000080;\"><span lang=\"zxx\"><u><a href=\"https:\/\/cartelesmix.es\/cartelesdecine\/?p=2635\" target=\"_blank\" rel=\"noopener\">Dama por un d\u00eda<\/a><\/u><\/span><\/span><\/p>\n<p class=\"western\">Paul Green, Sonya Levien &#8211; <span style=\"color: #000080;\"><span lang=\"zxx\"><u><a href=\"https:\/\/cartelesmix.es\/cartelesdecine\/?p=13451\" target=\"_blank\" rel=\"noopener\">La feria de la vida<\/a><\/u><\/span><\/span><\/p>\n<p class=\"western\"><b>Mejor Argumento<\/b><\/p>\n<p class=\"western\">Robert Lord &#8211; <span style=\"color: #000080;\"><span lang=\"zxx\"><u><a href=\"https:\/\/cartelesmix.es\/cartelesdecine\/?p=231859\" target=\"_blank\" rel=\"noopener\">Viaje de ida<\/a><\/u><\/span><\/span> &#8211;\u00a0 <img decoding=\"async\" src=\"http:\/\/cartelesmix.es\/images\/CartelesA\/oscar.gif\" \/><\/p>\n<p class=\"western\">Frances Marion &#8211; <span style=\"color: #000080;\"><span lang=\"zxx\"><u><a href=\"https:\/\/cartelesmix.es\/cartelesdecine\/?p=235501\" target=\"_blank\" rel=\"noopener\">El boxeador y la dama<\/a><\/u><\/span><\/span><\/p>\n<p class=\"western\">Charles MacArthur &#8211; <span style=\"color: #000080;\"><span lang=\"zxx\"><u><a href=\"https:\/\/cartelesmix.es\/cartelesdecine\/?p=189881\" target=\"_blank\" rel=\"noopener\">Rasputin y la zarina<\/a><\/u><\/span><\/span><\/p>\n<p class=\"western\"><b>Mejor fotograf\u00eda<\/b><\/p>\n<p class=\"western\">Charles Lang &#8211; <span style=\"color: #000080;\"><span lang=\"zxx\"><u><a href=\"https:\/\/cartelesmix.es\/cartelesdecine\/?p=664\" target=\"_blank\" rel=\"noopener\">Adi\u00f3s a las armas<\/a><\/u><\/span><\/span> &#8211;\u00a0 <img decoding=\"async\" src=\"http:\/\/cartelesmix.es\/images\/CartelesA\/oscar.gif\" \/><\/p>\n<p class=\"western\">George J. Folsey &#8211; <span style=\"color: #000080;\"><span lang=\"zxx\"><u><a href=\"https:\/\/cartelesmix.es\/cartelesdecine\/?p=235499\" target=\"_blank\" rel=\"noopener\">Reuni\u00f3n<\/a><\/u><\/span><\/span><\/p>\n<p class=\"western\">Karl Struss &#8211; <span style=\"color: #000080;\"><span lang=\"zxx\"><u><a href=\"https:\/\/cartelesmix.es\/cartelesdecine\/?p=189867\" target=\"_blank\" rel=\"noopener\">El signo de la cruz<\/a><\/u><\/span><\/span><\/p>\n<p class=\"western\"><b>Mejor dise\u00f1o de producci\u00f3n<\/b><\/p>\n<p class=\"western\">William S. Darling &#8211; <span style=\"color: #000080;\"><span lang=\"zxx\"><u><a href=\"https:\/\/cartelesmix.es\/cartelesdecine\/?p=1518\" target=\"_blank\" rel=\"noopener\">Cabalgata<\/a><\/u><\/span><\/span> &#8211;\u00a0 <img decoding=\"async\" src=\"http:\/\/cartelesmix.es\/images\/CartelesA\/oscar.gif\" \/><\/p>\n<p class=\"western\">Hans Dreier, Roland Anderson &#8211; <span style=\"color: #000080;\"><span lang=\"zxx\"><u><a href=\"https:\/\/cartelesmix.es\/cartelesdecine\/?p=664\" target=\"_blank\" rel=\"noopener\">Adi\u00f3s a las armas<\/a><\/u><\/span><\/span><\/p>\n<p class=\"western\">Cedric Gibbons &#8211; <span style=\"color: #000080;\"><span lang=\"zxx\"><u><a href=\"https:\/\/cartelesmix.es\/cartelesdecine\/?p=235503\" target=\"_blank\" rel=\"noopener\">De mujer a mujer<\/a><\/u><\/span><\/span><\/p>\n<p class=\"western\"><b>Mejor sonido<\/b><\/p>\n<p class=\"western\">Franklin Hansen &#8211; <span style=\"color: #000080;\"><span lang=\"zxx\"><u><a href=\"https:\/\/cartelesmix.es\/cartelesdecine\/?p=664\" target=\"_blank\" rel=\"noopener\">Adi\u00f3s a las armas<\/a><\/u><\/span><\/span> &#8211;\u00a0 <img decoding=\"async\" src=\"http:\/\/cartelesmix.es\/images\/CartelesA\/oscar.gif\" \/><\/p>\n<p class=\"western\">Nathan Levinson &#8211; <span style=\"color: #000080;\"><span lang=\"zxx\"><u><a href=\"https:\/\/cartelesmix.es\/cartelesdecine\/?p=13199\" target=\"_blank\" rel=\"noopener\">La calle 42<\/a><\/u><\/span><\/span><\/p>\n<p class=\"western\">Nathan Levinson &#8211; <span style=\"color: #000080;\"><span lang=\"zxx\"><u><a href=\"https:\/\/cartelesmix.es\/cartelesdecine\/?p=235505\" target=\"_blank\" rel=\"noopener\">Vampiresas 1933 <\/a><\/u><\/span><\/span><\/p>\n<p class=\"western\">Nathan Levinson &#8211; <span style=\"color: #000080;\"><span lang=\"zxx\"><u><a href=\"https:\/\/cartelesmix.es\/cartelesdecine\/?p=11266\" target=\"_blank\" rel=\"noopener\">Soy un fugitivo<\/a><\/u><\/span><\/span><\/p>\n<p class=\"western\"><b>Mejor cortometraje de animaci\u00f3n<\/b><\/p>\n<p class=\"western\"><span style=\"color: #000080;\"><span lang=\"zxx\"><u><a href=\"https:\/\/cartelesmix.es\/cartelesdecine\/?p=235507\" target=\"_blank\" rel=\"noopener\">Los tres cerditos<\/a><\/u><\/span><\/span> &#8211; Walt Disney &#8211;\u00a0 <img decoding=\"async\" src=\"http:\/\/cartelesmix.es\/images\/CartelesA\/oscar.gif\" \/><\/p>\n<p class=\"western\"><span style=\"color: #000080;\"><span lang=\"zxx\"><u><a href=\"https:\/\/cartelesmix.es\/cartelesdecine\/?p=235515\" target=\"_blank\" rel=\"noopener\">Mickey Mouse: Construyendo un edificio<\/a><\/u><\/span><\/span> &#8211; Walt Disney<\/p>\n<p class=\"western\"><span style=\"color: #000080;\"><span lang=\"zxx\"><u><a href=\"https:\/\/cartelesmix.es\/cartelesdecine\/?p=235517\" target=\"_blank\" rel=\"noopener\">The Merry Old Soul<\/a><\/u><\/span><\/span> &#8211; Walter Lantz<\/p>\n<p class=\"western\"><b>Mejor cortometraje de ficci\u00f3n \u2013 Comedia<\/b><\/p>\n<p class=\"western\"><span style=\"color: #000080;\"><span lang=\"zxx\"><u><a href=\"https:\/\/cartelesmix.es\/cartelesdecine\/?p=235519\" target=\"_blank\" rel=\"noopener\">So This Is Harris<\/a><\/u><\/span><\/span> (AKA So This Is Harris!) &#8211; Lou Brock &#8211;\u00a0 <img decoding=\"async\" src=\"http:\/\/cartelesmix.es\/images\/CartelesA\/oscar.gif\" \/><\/p>\n<p class=\"western\"><b>Mejor cortometraje de ficci\u00f3n \u2013 Innovaci\u00f3n<\/b><\/p>\n<p class=\"western\"><span style=\"color: #000080;\"><span lang=\"zxx\"><u><a href=\"https:\/\/cartelesmix.es\/cartelesdecine\/?p=235523\" target=\"_blank\" rel=\"noopener\">Krakatoa<\/a><\/u><\/span><\/span> &#8211; Joe Rock &#8211;\u00a0 <img decoding=\"async\" src=\"http:\/\/cartelesmix.es\/images\/CartelesA\/oscar.gif\" \/><\/p>\n","protected":false},"excerpt":{"rendered":"<p>Premios Oscar 1934 \u2013 Edici\u00f3n n\u00famero 6 16\/03\/1934 &#8211; La sexta ceremonia de entrega de los Premios \u00d3scar se celebr\u00f3 el 16 de marzo de 1934 en el The Ambassador Hotel de Los \u00c1ngeles, California y fue conducida por Will Rogers, quien tambi\u00e9n present\u00f3 todos los premios. Will Rogers present\u00f3 el premio al mejor director, &hellip; <\/p>\n<p class=\"link-more\"><a href=\"https:\/\/cartelesmix.es\/cartelesdecine\/?page_id=235597\" class=\"more-link\">Continuar leyendo<span class=\"screen-reader-text\"> \u00abPremios Oscar 1934 \u2013 Edici\u00f3n n\u00famero 6\u00bb<\/span><\/a><\/p>\n","protected":false},"author":1,"featured_media":0,"parent":0,"menu_order":0,"comment_status":"closed","ping_status":"closed","template":"","meta":{"footnotes":""},"class_list":["post-235597","page","type-page","status-publish","hentry"],"_links":{"self":[{"href":"https:\/\/cartelesmix.es\/cartelesdecine\/index.php?rest_route=\/wp\/v2\/pages\/235597","targetHints":{"allow":["GET"]}}],"collection":[{"href":"https:\/\/cartelesmix.es\/cartelesdecine\/index.php?rest_route=\/wp\/v2\/pages"}],"about":[{"href":"https:\/\/cartelesmix.es\/cartelesdecine\/index.php?rest_route=\/wp\/v2\/types\/page"}],"author":[{"embeddable":true,"href":"https:\/\/cartelesmix.es\/cartelesdecine\/index.php?rest_route=\/wp\/v2\/users\/1"}],"replies":[{"embeddable":true,"href":"https:\/\/cartelesmix.es\/cartelesdecine\/index.php?rest_route=%2Fwp%2Fv2%2Fcomments&post=235597"}],"version-history":[{"count":2,"href":"https:\/\/cartelesmix.es\/cartelesdecine\/index.php?rest_route=\/wp\/v2\/pages\/235597\/revisions"}],"predecessor-version":[{"id":235605,"href":"https:\/\/cartelesmix.es\/cartelesdecine\/index.php?rest_route=\/wp\/v2\/pages\/235597\/revisions\/235605"}],"wp:attachment":[{"href":"https:\/\/cartelesmix.es\/cartelesdecine\/index.php?rest_route=%2Fwp%2Fv2%2Fmedia&parent=235597"}],"curies":[{"name":"wp","href":"https:\/\/api.w.org\/{rel}","templated":true}]}}